 0 = -3*s. Let u be k(r). Let w = -19 - u. List the prime factors of w.
3
Suppose -160 = -15*n + 11*n. Suppose 0 = -z + 31 + n. What are the prime factors of z?
71
Let l = 2287 - 782. List the prime factors of l.
5, 7, 43
Let s = 20 - 19. Suppose 3*j + 17 = 4*g + 72, -j + s = 3*g. Let a = j - 5. What are the prime factors of a?
2
Let d = 1 + -9. Let x = 13 + d. Suppose -x*o + 4*y = -0*y - 82, -4*y = -3*o + 54. List the prime factors of o.
2, 7
Let l = 0 - -18. Let m = l + -12. Let a = 13 + m. What are the prime factors of a?
19
Let r(l) = -l**2 - 14*l - 16. Let y(c) be the third derivative of c**4/12 - 2*c**3/3 - 7*c**2. Let w be y(-4). What are the prime factors of r(w)?
2
Let n(b) = -2*b**3 - 29*b**2 + 20*b + 17. Let h(p) = p**3 + 10*p**2 - 7*p - 6. Let o(q) = 8*h(q) + 3*n(q). List the prime factors of o(5).
2, 7
Suppose -o - 4 = -8, -5 = 3*q - 5*o. Let k = -6 - -43. Suppose -w + 35 = 5*g + 3*w, -k = -4*g - q*w. List the prime factors of g.
3
Suppose -7*k - 2 = -4*k + a, 0 = 4*k + a + 2. Suppose 2*p + 4*t - 148 = k, -2*p + t + 148 = -3*t. List the prime factors of p.
2, 37
Let l(x) = -5*x - 5. Let q be l(-4). Let t be (18/q)/((-9)/30). What are the prime factors of t/10 + 1098/45?
2, 3
What are the prime factors of (407/22)/((-1)/(-8)) + -3?
5, 29
Suppose -s + 13 + 2 = 0. Suppose 2*a + s = 5*b, 3*b + 0 = 4*a - 5. Suppose 0 = a*t - t - 116. What are the prime factors of t?
29
Suppose 2*f - 3*s - 6122 + 128 = 0, 0 = 2*f + 3*s - 5970. What are the prime factors of f?
3, 997
Let d(r) = -r**3 + 7*r**2 + 10*r - 14. Let a be d(8). Suppose -10 + 2 = -a*p. What are the prime factors of p/(-7) - (-4147)/91?
3, 5
What are the prime factors of (-4 + (0 - -66))/((-2)/(-110))?
2, 5, 11, 31
Let k be ((-11)/(-2))/(2/12). Let a be 26/(k/(-15) + 2). What are the prime factors of a/(-20) - (-1)/(-2)?
2, 3
Suppose -416 = -6*x + 196. What are the prime factors of x?
2, 3, 17
Suppose -j = 4 + 31. Let f = 40 - j. Let m = -37 + f. What are the prime factors of m?
2, 19
Suppose -6*d = -5*d - 88. Let n = d + -59. What are the prime factors of n?
29
Let c = -16 + 34. Let n = c - 19. List the prime factors of (-3 - n)*-19*1.
2, 19
Let q = -3 + 5. Let b(x) = 1 + 0*x**2 + 0*x**2 - 2*x**3 + 0*x**2 + x**q. List the prime factors of b(-2).
3, 7
Suppose 1043 + 187 = 5*j. Suppose 0 = -4*v + j + 470. What are the prime factors of v?
179
Suppose -h - 90 = -93. Let y(z) = 26*z**2 - 1. Let g be y(-1). Suppose 2*a = h*a - g. What are the prime factors of a?
5
Let q(i) = i**2 + 10*i - 35. Let f = 24 + -41. List the prime factors of q(f).
2, 3, 7
Let d(a) = a + 1. Let u(i) = -16*i - 54. Let b(z) = -5*z - 18. Let c(t) = 14*b(t) - 5*u(t). Let g(w) = -c(w) + 4*d(w). List the prime factors of g(-6).
2, 11
Let n = 895 + -489. What are the prime factors of n?
2, 7, 29
Let w = 38 - 36. Suppose 2*y - 244 = -w*b, 35 + 459 = 4*b + 2*y. What are the prime factors of b?
5
Suppose 8*i + 22*i = 19530. What are the prime factors of i?
3, 7, 31
Let m(z) = -z**3 - 11*z**2 - 12*z - 12. Let u be m(-10). Let b(f) be the first derivative of 7*f**2/2 - 21*f + 4. List the prime factors of b(u).
5, 7
Suppose 0 = 5*p - 23 - 52. Let r = p + -11. Suppose 16 = -r*a, 4*a = -2*o - 0 - 8. List the prime factors of o.
2
Let k(l) = l**3 + 2*l**2 + l + 1. Let r be k(-2). Let m(h) = 72*h**2 + h + 2. What are the prime factors of m(r)?
73
Let d be 1/(5 - 3)*(-6)/3. Let h(z) = 3 + 0 + 11*z**2 - 2. What are the prime factors of h(d)?
2, 3
Let p be (-24)/6 + (-2 - -74). Let q(f) = f**2 + 13*f - 8. Let a be q(-10). Let l = p + a. List the prime factors of l.
2, 3, 5
Let c = -1587 + 2544. What are the prime factors of c?
3, 11, 29
Let l = -193 + 243. What are the prime factors of l?
2, 5
Let y = 482 + -426. List the prime factors of y.
2, 7
Let h = 7285 + -4020. List the prime factors of h.
5, 653
Let d(n) = 4*n - 3. Let p be d(2). Suppose z - 1 = -0*z + 5*r, 0 = -5*z + p*r - 15. Let w = z - -7. What are the prime factors of w?
3
Suppose -5*i = -4072 + 1767. List the prime factors of i.
461
Let u(d) = d**3 - 7*d**2 - 16*d - 15. Let w be (-2)/9 - 5/((-45)/83). List the prime factors of u(w).
3
Suppose 20*s - 21*s = -108. Let b = 146 - s. What are the prime factors of b?
2, 19
Let y(c) be the first derivative of c**4/3 - c**3/2 - 13*c**2/2 - 8. Let p(d) be the second derivative of y(d). What are the prime factors of p(5)?
37
Suppose 0 = 485*v - 480*v - 2130. List the prime factors of v.
2, 3, 71
Suppose -5*x + 107 = -3*s, 2*s = 5*x - 14 - 94. What are the prime factors of x/1 - (1 - 4)?
5
Let p(c) = 13*c + 17. Let t be p(5). What are the prime factors of -3 - (t*-3 - -3)?
2, 3, 5
Let a(d) = -42*d**3 - d**2 + d. Let u be a(1). Let c = -346 - u. What are the prime factors of c/6*6/(-4)?
2, 19
Suppose -432*l + 443*l - 63371 = 0. List the prime factors of l.
7, 823
Let i = -681 - -1242. List the prime factors of i.
3, 11, 17
Let d(k) = -k**3 - 9*k**2 + 8*k - 11. Suppose -5*l = -2*l - z - 8, -4*z + 32 = 4*l. Suppose -u = 4*f + 6, 43 = -l*u - 2*f + 5*f. List the prime factors of d(u).
3
Suppose -100*g = -50599 - 254101. What are the prime factors of g?
11, 277
Suppose 0*a = -a + 100. Suppose 5*s + c - 132 - 163 = 0, 2*s = -4*c + a. What are the prime factors of s?
2, 3, 5
Let j(x) = x**2 - 8*x + 6. Let y be j(10). Suppose 2*p = 2*c - y, -2*c + 5*p = 2*c - 49. List the prime factors of c.
2
Let f = 0 - -6. Let k be 2/(-4) + 51/f. Let n = k - 2. List the prime factors of n.
2, 3
Let d(b) = 8*b**2 + 24*b + 7. List the prime factors of d(-7).
3, 7, 11
Let s(g) = -8*g + 42. Let m be s(25). What are the prime factors of -4 + (-4 - m) - 4?
2, 73
Let c = -1544 + 4175. List the prime factors of c.
3, 877
Let f(a) = a**3 - a**2 - 2*a + 10. Let g = 28 - 28. What are the prime factors of f(g)?
2, 5
Let u = 41 - 28. Suppose -3*l = -5*h + 121, 4*l + l - u = -h. What are the prime factors of h?
23
Let p(u) = 0 + 4*u - 3 + 10 + 2*u**2. Suppose 2*m + 4*z = -30, 5*z + 15 = -2*m + 4*m. What are the prime factors of p(m)?
37
Suppose 4*v - 4*u - 1 = -5, 2*v = 3*u - 5. Suppose 79 = v*o - 5*f, -4*o - 3*f = f - 172. List the prime factors of o.
2, 3, 7
Let n = 38 + -32. Suppose h - n = -36. Let c = h - -84. What are the prime factors of c?
2, 3
Let b(d) = 67*d**3 + d**2 + 4*d - 2. List the prime factors of b(2).
2, 3, 7, 13
Let o(c) be the first derivative of 7*c**2/2 - 13*c - 3. Let d(p) = -36*p + 65. Let n(t) = -2*d(t) - 11*o(t). List the prime factors of n(-7).
2, 3
Suppose 3*l - 4*y = -2*y - 11, 3*l + 5*y = -25. Let b(p) = -p**3 - 5*p**2 - p + 3. What are the prime factors of b(l)?
2
Let l be ((-4)/(-10))/((-4)/80). Let w = 10 + l. Suppose -s - w + 4 = 0. List the prime factors of s.
2
Suppose 8*k - 5*k = 6. Suppose -5*s + 0*u + 5*u = 135, -129 = 5*s - k*u. List the prime factors of 393/15 + 5/s.
2, 13
Suppose -200*h + 197*h + 390 = 0. What are the prime factors of h?
2, 5, 13
Let b = 38 - 11. Suppose -f + 2 = -b. What are the prime factors of f?
29
Let s = 72 - 70. Suppose 23 + 12 = s*l + c, 0 = c + 1. What are the prime factors of l?
2, 3
Let b be 12/1 - (2 - 0)/2. Suppose w + 130 = b*w. What are the prime factors of w?
13
Let w(s) be the second derivative of -2*s**3/3 + 6*s**2 + s. Let a be w(6). List the prime factors of (a/(-10))/((-2)/(-30)).
2, 3
Let k = -17 - -24. Suppose -k*b = -11*b - 52. Let z(l) = -l**2 - 16*l. List the prime factors of z(b).
3, 13
Let t(f) = -205*f**3 - 3*f**2 + f + 4. Let h(d) = -204*d**3 - 3*d**2 + 2*d + 5. Let n(u) = -2*h(u) + 3*t(u). List the prime factors of n(-1).
3, 23
Suppose -130*q + 138*q = 7392. What are the prime factors of q?
2, 3, 7, 11
Let u(f) = -2*f**2 - 20*f - 2. Let j be u(-14). Let b = -57 - j. What are the prime factors of b?
3, 19
Let q = 199 - 279. Let j = 157 + q. Suppose 3*s - j = 4*y, -2*s = -0*y + y - 44. What are the prime factors of s?
23
Suppose 2*c = -4*x + 18, 14 + 9 = 3*c + 2*x. Let l(z) = z**3 - 7*z**2 + 2*z - 10. Let t be l(c). List the prime factors of ((-66)/55)/(t/(-10)).
3
Let a(z) = 3*z - 6. Let f be a(6). Suppose 2*v + 6 = -4*w + 30, 0 = 2*w - 5*v + f. Suppose r - 51 = -o + 6*o, -2*r + w*o = -78. What are the prime factors of r?
31
Suppose l + 18 = -2*c + 3*c, -5*c + 25 = 0. Let j = l + 15. Suppose 5*w - 2*p = -p + 175, -w = j*p - 46. What are the prime factors of w?
2, 3
Let